is the remainder when 46928 is divided by 745?
738
Calculate the remainder when 15413 is divided by 7705.
3
Calculate the remainder when 16011 is divided by 32.
11
What is the remainder when 53597 is divided by 40?
37
What is the remainder when 56735 is divided by 288?
287
What is the remainder when 310306 is divided by 12929?
10
Calculate the remainder when 1160963 is divided by 9.
8
What is the remainder when 84372 is divided by 167?
37
Calculate the remainder when 3989247 is divided by 25.
22
What is the remainder when 3779 is divided by 82?
7
What is the remainder when 396517 is divided by 21?
16
What is the remainder when 24939 is divided by 24851?
88
Calculate the remainder when 21229 is divided by 2358.
7
Calculate the remainder when 543348 is divided by 10.
8
Calculate the remainder when 4436 is divided by 2214.
8
What is the remainder when 179190 is divided by 106?
50
What is the remainder when 290420 is divided by 43?
41
What is the remainder when 222032 is divided by 367?
364
Calculate the remainder when 185533 is divided by 1913.
1885
Calculate the remainder when 101364 is divided by 2896.
4
Calculate the remainder when 311 is divided by 71.
27
What is the remainder when 108284 is divided by 29?
27
Calculate the remainder when 57554 is divided by 57543.
11
What is the remainder when 69050 is divided by 34523?
4
What is the remainder when 8152 is divided by 236?
128
Calculate the remainder when 7622 is divided by 23.
9
What is the remainder when 33050 is divided by 398?
16
What is the remainder when 159 is divided by 136?
23
Calculate the remainder when 8472 is divided by 14.
2
Calculate the remainder when 988 is divided by 351.
286
What is the remainder when 2635583 is divided by 848?
847
Calculate the remainder when 284864 is divided by 664.
8
Calculate the remainder when 69056 is divided by 2875.
56
Calculate the remainder when 22326 is divided by 32.
22
What is the remainder when 5324 is divided by 1736?
116
Calculate the remainder when 43090 is divided by 133.
131
Calculate the remainder when 160903 is divided by 127.
121
Calculate the remainder when 21486 is divided by 30.
6
What is the remainder when 490847 is divided by 81807?
5
Calculate the remainder when 535574 is divided by 178524.
2
Calculate the remainder when 4361 is divided by 75.
11
What is the remainder when 19965 is divided by 9900?
165
Calculate the remainder when 1658879 is divided by 324.
323
Calculate the remainder when 30618 is divided by 122.
118
What is the remainder when 1462419 is divided by 78?
75
Calculate the remainder when 7259 is divided by 192.
155
What is the remainder when 388086 is divided by 3080?
6
What is the remainder when 223247 is divided by 13?
11
What is the remainder when 9251 is divided by 104?
99
What is the remainder when 8235 is divided by 71?
70
What is the remainder when 9855 is divided by 1095?
0
Calculate the remainder when 57622 is divided by 12.
10
What is the remainder when 10426 is divided by 51?
22
Calculate the remainder when 285199 is divided by 131.
12
Calculate the remainder when 3219 is divided by 1556.
107
Calculate the remainder when 877107 is divided by 338.
335
Calculate the remainder when 144545 is divided by 142.
131
Calculate the remainder when 8660 is divided by 6.
2
What is the remainder when 273473 is divided by 426?
407
Calculate the remainder when 1541 is divided by 54.
29
What is the remainder when 7779 is divided by 647?
15
What is the remainder when 20913 is divided by 6417?
1662
What is the remainder when 8407 is divided by 524?
23
What is the remainder when 1004 is divided by 31?
12
What is the remainder when 2197 is divided by 42?
13
Calculate the remainder when 870442 is divided by 350.
342
What is the remainder when 18557 is divided by 128?
125
Calculate the remainder when 2810 is divided by 1601.
1209
What is the remainder when 1468 is divided by 476?
40
Calculate the remainder when 1508 is divided by 326.
204
What is the remainder when 3130 is divided by 936?
322
What is the remainder when 26405 is divided by 550?
5
What is the remainder when 44435 is divided by 276?
275
Calculate the remainder when 124752 is divided by 41542.
126
Calculate the remainder when 932 is divided by 72.
68
What is the remainder when 129930 is divided by 194?
144
What is the remainder when 75925 is divided by 894?
829
What is the remainder when 2862 is divided by 952?
6
Calculate the remainder when 1630 is divided by 526.
52
What is the remainder when 24440 is divided by 22?
20
What is the remainder when 29900 is divided by 34?
14
What is the remainder when 58936 is divided by 1343?
1187
What is the remainder when 84952 is divided by 21238?
0
What is the remainder when 10778 is divided by 3574?
56
Calculate the remainder when 14903 is divided by 1859.
31
What is the remainder when 2669 is divided by 251?
159
Calculate the remainder when 7185597 is divided by 998.
995
What is the remainder when 40409 is divided by 37?
5
Calculate the remainder when 6419 is divided by 36.
11
Calculate the remainder when 1665 is divided by 234.
27
What is the remainder when 923 is divided by 780?
143
What is the remainder when 397960 is divided by 244?
240
Calculate the remainder when 335249 is divided by 329.
327
Calculate the remainder when 491537 is divided by 60.
17
Calculate the remainder when 6229 is divided by 1416.
565
What is the remainder when 2523 is divided by 47?
32
Calculate the remainder when 61058 is divided by 6782.
20
Calculate the remainder when 15968 is divided by 1326.
56
Calculate the remainder when 181078 is divided by 6.
4
Calculate the remainder when 11230 is divided by 701.
14
Calculate the remainder when 21935 is divided by 10942.
51
What is the remainder when 288763 is divided by 96251?
10
Calculate the remainder when 140060 is divided by 46660.
80
Calculate the remainder when 187648 is divided by 50.
48
Calculate the remainder when 11150 is divided by 1390.
30
Calculate the remainder when 4198 is divided by 1652.
894
What is the remainder when 1330 is divided by 187?
21
What is the remainder when 5419 is divided by 5?
4
What is the remainder when 3187 is divided by 1043?
58
Calculate the remainder when 21832 is divided by 59.
2
Calculate the remainder when 13936 is divided by 13919.
17
What is the remainder when 5977 is divided by 356?
281
What is the remainder when 130536 is divided by 5?
1
Calculate the remainder when 32525 is divided by 39.
38
Calculate the remainder when 2546 is divided by 1193.
160
Calculate the remainder when 170234 is divided by 608.
602
What is the remainder when 748467 is divided by 122?
119
What is the remainder when 2674 is divided by 25?
24
What is the remainder when 7628 is divided by 257?
175
What is the remainder when 161264 is divided by 279?
2
Calculate the remainder when 46638 is divided by 11.
9
Calculate the remainder when 9004 is divided by 127.
114
Calculate the remainder when 32185 is divided by 646.
531
Calculate the remainder when 4331 is divided by 11.
8
Calculate the remainder when 39745 is divided by 19.
16
What is the remainder when 152905 is divided by 14?
11
Calculate the remainder when 82140 is divided by 231.
135
Calculate the remainder when 25846 is divided by 587.
18
What is the remainder when 145964 is divided by 6077?
116
What is the remainder when 1931 is divided by 34?
27
Calculate the remainder when 16227 is divided by 15989.
238
Calculate the remainder when 478 is divided by 30.
28
Calculate the remainder when 278 is divided by 271.
7
Calculate the remainder when 350978 is divided by 23.
21
Calculate the remainder when 488432 is divided by 403.
399
What is the remainder when 186546 is divided by 1362?
1314
Calculate the remainder when 190982 is divided by 767.
766
What is the remainder when 2458 is divided by 488?
18
Calculate the remainder when 2144 is divided by 356.
8
Calculate the remainder when 3552 is divided by 232.
72
What is the remainder when 139 is divided by 22?
7
What is the remainder when 2139 is divided by 361?
334
Calculate the remainder when 32952 is divided by 44.
40
Calculate the remainder when 96168 is divided by 10.
8
What is the remainder when 53347 is divided by 78?
73
What is the remainder when 1450 is divided by 11?
9
What is 